t is the remainder when 3049449 is divided by 910?
39
What is the remainder when 11463265 is divided by 740?
665
Calculate the remainder when 2836951 is divided by 32986.
155
What is the remainder when 5059003 is divided by 22?
15
What is the remainder when 451857 is divided by 1329?
1326
Calculate the remainder when 39242045 is divided by 5.
0
Calculate the remainder when 977848 is divided by 1675.
1323
Calculate the remainder when 7899922 is divided by 157.
153
What is the remainder when 61089 is divided by 693?
105
Calculate the remainder when 4527426 is divided by 282964.
2
Calculate the remainder when 6413216 is divided by 56753.
127
What is the remainder when 242589070 is divided by 806?
802
What is the remainder when 33341844 is divided by 123?
111
Calculate the remainder when 2466251 is divided by 13933.
110
What is the remainder when 573656 is divided by 370?
156
What is the remainder when 1656040 is divided by 33118?
140
What is the remainder when 31001 is divided by 122?
13
What is the remainder when 284838103 is divided by 15?
13
What is the remainder when 183706 is divided by 293?
288
What is the remainder when 94379 is divided by 46?
33
Calculate the remainder when 184706 is divided by 481.
2
What is the remainder when 933132 is divided by 77761?
0
What is the remainder when 95213647 is divided by 198?
1
What is the remainder when 169136 is divided by 84568?
0
Calculate the remainder when 1793062 is divided by 681.
670
What is the remainder when 597455 is divided by 197332?
5459
What is the remainder when 16112008 is divided by 208?
120
Calculate the remainder when 13317 is divided by 3773.
1998
What is the remainder when 4042749 is divided by 577534?
11
What is the remainder when 1048403209 is divided by 1052?
1049
Calculate the remainder when 1204693 is divided by 120469.
3
What is the remainder when 48584357 is divided by 8?
5
What is the remainder when 15716447 is divided by 198?
197
What is the remainder when 198191 is divided by 940?
791
Calculate the remainder when 1430485 is divided by 3447.
3427
Calculate the remainder when 2281636294 is divided by 641.
640
Calculate the remainder when 155235 is divided by 5810.
4175
What is the remainder when 130499471 is divided by 85?
76
Calculate the remainder when 116090 is divided by 1063.
223
What is the remainder when 178041462 is divided by 21?
18
Calculate the remainder when 1708317 is divided by 154.
149
Calculate the remainder when 15329672 is divided by 547.
544
What is the remainder when 368678 is divided by 367898?
780
Calculate the remainder when 103739158 is divided by 105.
103
What is the remainder when 7620639 is divided by 178?
103
Calculate the remainder when 548206 is divided by 68302.
1790
What is the remainder when 1027495 is divided by 158?
21
Calculate the remainder when 6172752 is divided by 2.
0
Calculate the remainder when 13668761 is divided by 2278125.
11
Calculate the remainder when 60784 is divided by 1277.
765
Calculate the remainder when 305610 is divided by 76391.
46
What is the remainder when 278110 is divided by 83?
60
Calculate the remainder when 188941 is divided by 16178.
10983
What is the remainder when 4308589 is divided by 50682?
619
Calculate the remainder when 3035365 is divided by 457.
428
Calculate the remainder when 77950053 is divided by 3402.
27
What is the remainder when 144615 is divided by 4953?
978
What is the remainder when 91061 is divided by 1550?
1161
What is the remainder when 488578 is divided by 549?
517
What is the remainder when 46832 is divided by 10441?
5068
Calculate the remainder when 2398044 is divided by 72.
12
Calculate the remainder when 468843 is divided by 234396.
51
What is the remainder when 69475436 is divided by 98?
2
What is the remainder when 21638342 is divided by 182?
180
What is the remainder when 2043176 is divided by 188?
180
What is the remainder when 2933653 is divided by 733406?
29
What is the remainder when 5804602 is divided by 1834?
1826
Calculate the remainder when 3609815 is divided by 12666.
5
Calculate the remainder when 4311166 is divided by 1733.
1195
Calculate the remainder when 90759758 is divided by 30253251.
5
What is the remainder when 3624898 is divided by 32654?
304
What is the remainder when 117347 is divided by 17?
13
Calculate the remainder when 385699203 is divided by 1111.
1110
Calculate the remainder when 2697472 is divided by 3526.
82
Calculate the remainder when 2889898 is divided by 247.
245
What is the remainder when 263899 is divided by 486?
1
Calculate the remainder when 13993497 is divided by 2798683.
82
What is the remainder when 20233 is divided by 2827?
444
Calculate the remainder when 118137874 is divided by 20.
14
Calculate the remainder when 2729438 is divided by 815.
3
What is the remainder when 6514435 is divided by 7143?
19
Calculate the remainder when 1653321 is divided by 22.
21
What is the remainder when 8457539 is divided by 30?
29
Calculate the remainder when 2308475 is divided by 1963.
1950
What is the remainder when 369039 is divided by 1973?
88
What is the remainder when 304890 is divided by 21?
12
What is the remainder when 227596 is divided by 6896?
28
What is the remainder when 1274619 is divided by 93?
54
What is the remainder when 94155429 is divided by 1414?
1411
What is the remainder when 7844101 is divided by 92?
89
Calculate the remainder when 37324 is divided by 4649.
132
Calculate the remainder when 5510766 is divided by 101.
4
Calculate the remainder when 101317349 is divided by 327.
323
Calculate the remainder when 107907 is divided by 9804.
63
Calculate the remainder when 28663 is divided by 8695.
2578
What is the remainder when 16173 is divided by 8058?
57
Calculate the remainder when 7200349 is divided by 3600173.
3
Calculate the remainder when 67297144 is divided by 67297113.
31
Calculate the remainder when 2244898 is divided by 1094.
10
What is the remainder when 53039560 is divided by 40?
0
What is the remainder when 288210 is divided by 57473?
845
Calculate the remainder when 1768417 is divided by 442092.
49
What is the remainder when 9407384 is divided by 1567887?
62
Calculate the remainder when 118695 is divided by 812.
143
Calculate the remainder when 640919 is divided by 7816.
7
Calculate the remainder when 126851339 is divided by 120.
59
What is the remainder when 3572620 is divided by 988?
12
What is the remainder when 558670 is divided by 9793?
469
Calculate the remainder when 7640 is divided by 1270.
20
What is the remainder when 1409109 is divided by 469700?
9
Calculate the remainder when 1862578 is divided by 32.
18
Calculate the remainder when 2805970 is divided by 155.
5
What is the remainder when 71295 is divided by 1823?
198
What is the remainder when 2291641 is divided by 127309?
79
What is the remainder when 31701 is divided by 6304?
181
What is the remainder when 280358 is divided by 93265?
563
Calculate the remainder when 268120541 is divided by 89373509.
14
What is the remainder when 34523749 is divided by 34523733?
16
What is the remainder when 736987 is divided by 22?
9
Calculate the remainder when 3207842 is divided by 1832.
10
What is the remainder when 267381 is divided by 38165?
226
Calculate the remainder when 5137386 is divided by 345.
336
What is the remainder when 52160 is divided by 660?
20
Calculate the remainder when 2172483 is divided by 1121.
1106
Calculate the remainder when 32516833 is divided by 10838852.
277
What is the remainder when 80510 is divided by 5405?
4840
What is the remainder when 1391723 is divided by 2295?
953
Calculate the remainder when 4031491 is divided by 3702.
13
What is the remainder when 58828 is divided by 8891?
5482
What is the remainder when 327025 is divided by 3758?
79
Calculate the remainder when 2694801 is divided by 336843.
57
Calculate the remainder when 76541779 is divided by 1514.
1509
Calculate the remainder when 57315190 is divided by 145.
25
Calculate the remainder when 6201715 is divided by 209.
58
What is the remainder when 3128098 is divided by 6712?
306
What is the remainder when 5961446 is divided by 48?
38
Calculate the remainder when 564446 is divided by 114.
32
Calculate the remainder when 996560 is divided by 9582.
32
What is the remainder when 236742